 48927?
3663
What is the remainder when 199248 is divided by 758?
652
What is the remainder when 1619332 is divided by 164?
160
Calculate the remainder when 1498957 is divided by 4176.
3949
What is the remainder when 146639 is divided by 125?
14
What is the remainder when 84783518 is divided by 103?
98
Calculate the remainder when 39115702 is divided by 3028.
3026
Calculate the remainder when 1496848266 is divided by 62.
60
What is the remainder when 26481597 is divided by 720?
717
What is the remainder when 175532 is divided by 8184?
3668
Calculate the remainder when 16373150 is divided by 994.
976
What is the remainder when 238272 is divided by 23472?
3552
What is the remainder when 1303832 is divided by 93006?
1748
Calculate the remainder when 2597482 is divided by 2403.
2242
Calculate the remainder when 27129547 is divided by 39.
16
Calculate the remainder when 2461832 is divided by 426.
404
What is the remainder when 2692 is divided by 131?
72
Calculate the remainder when 19144 is divided by 1473.
1468
What is the remainder when 1243775 is divided by 127?
64
What is the remainder when 5619958 is divided by 510903?
25
What is the remainder when 484337 is divided by 40309?
629
Calculate the remainder when 1712478 is divided by 2017.
45
Calculate the remainder when 92393647 is divided by 1498.
3
What is the remainder when 142104 is divided by 437?
79
Calculate the remainder when 985436 is divided by 328430.
146
What is the remainder when 703275 is divided by 175804?
59
What is the remainder when 42134 is divided by 2766?
644
What is the remainder when 2557679 is divided by 155?
24
Calculate the remainder when 147765732 is divided by 36941430.
12
What is the remainder when 16181259 is divided by 312?
3
What is the remainder when 254084318 is divided by 890?
888
Calculate the remainder when 379435 is divided by 94811.
191
Calculate the remainder when 562838 is divided by 2375.
2338
What is the remainder when 194988 is divided by 443?
68
What is the remainder when 9417 is divided by 4707?
3
Calculate the remainder when 4876530 is divided by 8114.
16
What is the remainder when 25535056 is divided by 8511680?
16
Calculate the remainder when 149792 is divided by 412.
236
What is the remainder when 5327422 is divided by 1775806?
4
What is the remainder when 643280 is divided by 608?
16
What is the remainder when 67763 is divided by 16894?
187
What is the remainder when 97145 is divided by 1494?
35
What is the remainder when 201420 is divided by 4678?
266
Calculate the remainder when 1086336 is divided by 108565.
686
What is the remainder when 5265178 is divided by 258?
172
Calculate the remainder when 3159793 is divided by 185.
178
What is the remainder when 168116 is divided by 6319?
3822
Calculate the remainder when 8153362 is divided by 655.
577
Calculate the remainder when 259439 is divided by 368.
367
What is the remainder when 5731335 is divided by 5731316?
19
Calculate the remainder when 1489214 is divided by 212744.
6
Calculate the remainder when 998392 is divided by 82.
42
Calculate the remainder when 894582 is divided by 2451.
2418
What is the remainder when 2140382753 is divided by 8038?
8037
What is the remainder when 1630217 is divided by 77?
50
What is the remainder when 1050098 is divided by 7497?
518
What is the remainder when 501336 is divided by 166480?
1896
What is the remainder when 739043 is divided by 1975?
393
What is the remainder when 9941293 is divided by 4970624?
45
Calculate the remainder when 5290055 is divided by 377860.
15
What is the remainder when 93933663 is divided by 236?
235
What is the remainder when 4939107 is divided by 319?
30
Calculate the remainder when 5125097 is divided by 3013.
2997
What is the remainder when 1789632 is divided by 98?
54
What is the remainder when 94137458 is divided by 31379148?
14
What is the remainder when 4809099 is divided by 2404544?
11
What is the remainder when 2669531 is divided by 131?
13
What is the remainder when 880241 is divided by 1893?
1889
Calculate the remainder when 58749059 is divided by 19583012.
23
What is the remainder when 2082725 is divided by 1239?
1205
What is the remainder when 4930942 is divided by 86503?
271
Calculate the remainder when 6784656 is divided by 36.
24
Calculate the remainder when 48621 is divided by 310.
261
What is the remainder when 39895078 is divided by 1286936?
62
What is the remainder when 2012198 is divided by 2012178?
20
What is the remainder when 712232 is divided by 79135?
17
What is the remainder when 4669021 is divided by 97267?
205
What is the remainder when 1112241 is divided by 222285?
816
Calculate the remainder when 263620 is divided by 52256.
2340
What is the remainder when 1491563 is divided by 638?
557
What is the remainder when 318104 is divided by 22699?
318
Calculate the remainder when 4388107 is divided by 182832.
139
Calculate the remainder when 2455955 is divided by 42.
5
What is the remainder when 129183842 is divided by 6161?
6155
Calculate the remainder when 167173 is divided by 41787.
25
What is the remainder when 21239979 is divided by 22?
13
What is the remainder when 1463275 is divided by 55?
0
Calculate the remainder when 109983 is divided by 3046.
327
What is the remainder when 213720 is divided by 317?
62
What is the remainder when 3801904 is divided by 18?
16
What is the remainder when 15404913 is divided by 366783?
27
Calculate the remainder when 939946 is divided by 14685.
106
What is the remainder when 3935323 is divided by 737?
480
What is the remainder when 363682 is divided by 2956?
94
Calculate the remainder when 4791721 is divided by 261.
22
What is the remainder when 1269912 is divided by 423251?
159
What is the remainder when 163762 is divided by 156894?
6868
Calculate the remainder when 156682 is divided by 38936.
938
Calculate the remainder when 8458199 is divided by 604137.
281
What is the remainder when 725340 is divided by 181267?
272
What is the remainder when 52540782 is divided by 1865?
2
Calculate the remainder when 278980 is divided by 16402.
146
What is the remainder when 689007 is divided by 1953?
1551
What is the remainder when 147678154 is divided by 2465?
4
What is the remainder when 4353370 is divided by 60?
10
Calculate the remainder when 229388 is divided by 3546.
2444
What is the remainder when 27378945 is divided by 107?
106
Calculate the remainder when 475379 is divided by 237687.
5
Calculate the remainder when 21794394 is divided by 32.
26
What is the remainder when 2271931 is divided by 2?
1
What is the remainder when 11734623 is divided by 1166?
1165
What is the remainder when 268374 is divided by 11176?
150
What is the remainder when 773102 is divided by 154610?
52
Calculate the remainder when 57111327 is divided by 10350.
27
Calculate the remainder when 59961 is divided by 923.
889
Calculate the remainder when 167819 is divided by 74.
61
What is the remainder when 12917343 is divided by 6458653?
37
What is the remainder when 161440 is divided by 11389?
1994
Calculate the remainder when 156720352 is divided by 3198374.
26
Calculate the remainder when 467426 is divided by 141.
11
Calculate the remainder when 93117 is divided by 630.
507
What is the remainder when 193416092 is divided by 64472029?
5
What is the remainder when 13926688 is divided by 138?
4
What is the remainder when 201040 is divided by 99562?
1916
Calculate the remainder when 13208415 is divided by 13208390.
25
Calculate the remainder when 251175 is divided by 251157.
18
Calculate the remainder when 644723 is divided by 487.
422
What is the remainder when 166544446 is divided by 56?
54
Calculate the remainder when 2529021 is divided by 87203.
134
What is the remainder when 65765042 is divided by 9110?
9062
What is the remainder when 5068052 is divided by 1267013?
0
Calculate the remainder when 7814155 is divided by 254.
99
What is the remainder when 14599978 is divided by 2137?
2131
What is the remainder when 7004282 is divided by 636752?
10
What is the remainder when 667787 is divided by 222051?
1634
Calculate the remainder when 1040847 is divided by 216.
159
Calculate the remainder when 149151 is divided by 85.
61
What is the remainder when 9588192 is divided by 799015?
12
What is the remainder when 1